is the tens digit of 2567?
6
What is the ten thousands digit of 54772?
5
What is the thousands digit of 23741?
3
What is the hundreds digit of 6354?
3
What is the units digit of 813?
3
What is the tens digit of 726?
2
What is the tens digit of 784?
8
What is the thousands digit of 155228?
5
What is the hundreds digit of 430?
4
What is the units digit of 802?
2
What is the thousands digit of 10610?
0
What is the tens digit of 661?
6
What is the hundreds digit of 2049?
0
What is the thousands digit of 1320?
1
What is the hundreds digit of 4246?
2
What is the thousands digit of 1724?
1
What is the thousands digit of 1630?
1
What is the units digit of 10538?
8
What is the thousands digit of 2405?
2
What is the tens digit of 4955?
5
What is the ten thousands digit of 12966?
1
What is the tens digit of 115857?
5
What is the hundreds digit of 540?
5
What is the ten thousands digit of 25407?
2
What is the hundreds digit of 5623?
6
What is the hundreds digit of 3340?
3
What is the hundred thousands digit of 103217?
1
What is the hundreds digit of 2129?
1
What is the units digit of 186?
6
What is the units digit of 633?
3
What is the hundreds digit of 2088?
0
What is the units digit of 15560?
0
What is the thousands digit of 6380?
6
What is the units digit of 1548?
8
What is the tens digit of 1543?
4
What is the thousands digit of 109995?
9
What is the thousands digit of 13538?
3
What is the units digit of 23991?
1
What is the units digit of 21763?
3
What is the thousands digit of 5668?
5
What is the hundreds digit of 62212?
2
What is the tens digit of 43107?
0
What is the tens digit of 6913?
1
What is the hundreds digit of 6622?
6
What is the units digit of 10291?
1
What is the units digit of 48613?
3
What is the ten thousands digit of 82566?
8
What is the thousands digit of 1302?
1
What is the hundreds digit of 4682?
6
What is the ten thousands digit of 13461?
1
What is the tens digit of 93591?
9
What is the units digit of 949?
9
What is the thousands digit of 2582?
2
What is the ten thousands digit of 33716?
3
What is the thousands digit of 1148?
1
What is the hundreds digit of 1234?
2
What is the units digit of 1431?
1
What is the ten thousands digit of 145293?
4
What is the hundreds digit of 14005?
0
What is the hundreds digit of 5139?
1
What is the thousands digit of 4681?
4
What is the units digit of 1439?
9
What is the units digit of 109261?
1
What is the thousands digit of 1056?
1
What is the tens digit of 7777?
7
What is the units digit of 8219?
9
What is the units digit of 1602?
2
What is the units digit of 304?
4
What is the hundreds digit of 410?
4
What is the tens digit of 27588?
8
What is the units digit of 3873?
3
What is the hundreds digit of 814?
8
What is the units digit of 759?
9
What is the units digit of 40191?
1
What is the ten thousands digit of 64818?
6
What is the tens digit of 751?
5
What is the hundreds digit of 704?
7
What is the units digit of 22211?
1
What is the ten thousands digit of 15536?
1
What is the hundreds digit of 3548?
5
What is the ten thousands digit of 18038?
1
What is the units digit of 33065?
5
What is the hundreds digit of 1266?
2
What is the tens digit of 32833?
3
What is the units digit of 8976?
6
What is the hundreds digit of 104607?
6
What is the tens digit of 49474?
7
What is the thousands digit of 1851?
1
What is the tens digit of 5254?
5
What is the hundreds digit of 1909?
9
What is the thousands digit of 2080?
2
What is the hundreds digit of 2523?
5
What is the hundreds digit of 1738?
7
What is the tens digit of 5979?
7
What is the ten thousands digit of 33723?
3
What is the thousands digit of 8983?
8
What is the units digit of 717?
7
What is the hundreds digit of 103213?
2
What is the units digit of 602?
2
What is the tens digit of 2381?
8
What is the ten thousands digit of 55416?
5
What is the hundred thousands digit of 105174?
1
What is the thousands digit of 28305?
8
What is the units digit of 29186?
6
What is the ten thousands digit of 52841?
5
What is the thousands digit of 101567?
1
What is the hundreds digit of 17125?
1
What is the hundreds digit of 7137?
1
What is the tens digit of 2317?
1
What is the units digit of 1984?
4
What is the tens digit of 586?
8
What is the units digit of 17535?
5
What is the units digit of 5987?
7
What is the tens digit of 145?
4
What is the units digit of 1614?
4
What is the hundred thousands digit of 107620?
1
What is the units digit of 235?
5
What is the thousands digit of 88130?
8
What is the tens digit of 2428?
2
What is the hundreds digit of 10659?
6
What is the hundred thousands digit of 114426?
1
What is the tens digit of 2829?
2
What is the hundreds digit of 6694?
6
What is the ten thousands digit of 198246?
9
What is the units digit of 8047?
7
What is the units digit of 31136?
6
What is the hundreds digit of 937?
9
What is the tens digit of 1271?
7
What is the units digit of 22306?
6
What is the tens digit of 12797?
9
What is the hundreds digit of 12510?
5
What is the hundreds digit of 45535?
5
What is the thousands digit of 1415?
1
What is the hundreds digit of 1650?
6
What is the units digit of 794?
4
What is the thousands digit of 15997?
5
What is the hundreds digit of 753?
7
What is the thousands digit of 33019?
3
What is the tens digit of 90?
9
What is the tens digit of 504?
0
What is the tens digit of 1192?
9
What is the units digit of 70?
0
What is the units digit of 46?
6
What is the tens digit of 1461?
6
What is the tens digit of 25347?
4
What is the tens digit of 339?
3
What is the thousands digit of 1166?
1
What is the hundreds digit of 375?
3
What is the units digit of 6872?
2
What is the tens digit of 6222?
2
What is the units digit of 412?
2
What is the units digit of 42877?
7
What is the hundreds digit of 1798?
7
What is the units digit of 6378?
8
What is the hundreds digit of 6000?
0
What is the hundreds digit of 3657?
6
What is the hundreds digit of 995?
9
What is the tens digit of 1096?
9
What is the units digit of 19827?
7
What is the thousands digit of 2093?
2
What is the hundreds digit of 1504?
5
What is the hundreds digit of 4906?
9
What is the tens digit of 2588?
8
What is the hundreds digit of 4307?
3
What is the tens digit of 495?
9
What is the units digit of 723?
3
What is the thousands digit of 10008?
0
What is the hundreds digit of 28460?
4
What is the tens digit of 60018?
1
What is the units digit of 1698?
8
What is the units digit of 138?
8
What is the units digit of 44106?
6
What is the thousands digit of 49440?
9
What is the units digit of 677?
7
What is the units digit of 15772?
2
What is the ten thousands digit of 16692?
1
What is the hundreds digit of 2865?
8
What is the hundred thousands digit of 113282?
1
What is the hundreds digit of 2427?
4
What is the units digit of 3988?
8
What is the tens digit of 289?
8
What is the units digit of 2760?
0
What is the units digit of 1953?
3
What is the units digit of 1654?
4
What is the thousands digit of 3948?
3
What is the tens digit of 121333?
3
What is the units digit of 8727?
7
What is the tens digit of 31298?
9
What is the hundreds digit of 1597?
5
What is the thousands digit of 5236?
5
What is the tens digit of 28544?
4
What is the units digit of 2117?
7
What is the tens digit of 1467?
6
What is the units digit of 6790?
0
What is the thousands digit of 85390?
5
What is the units digit of 131162?
2
What is the hundreds digit of 145285?
2
What is the thousands digit of 100880?
0
What is the hundreds digit of 746?
7
What is the ten thousands digit of 48063?
4
What is the hundreds digit of 41230?
2
What is the units digit of 350?
0
What is the thousands digit of 6644?
6
What is the thousands digit of 10082?
0
What is the thousands digit of 5042?
5
What is the units digit of 379?
9
What is the ten thousands digit of 26317?
2
What is the hundreds digit of 2873?
8
What is the units digit of 19911?
1
What is the thousands digit of 3557?
3
What is the units digit of 593?
3
What is the thousands digit of 4818?
4
What is the units digit of 3397?
7
What is the tens digit of 55?
5
What is the units digit of 9809?
9
What is the tens digit of 77095?
9
What is the hundreds digit of 4199?
1
What is the units digit of 40607?
7
What is the hundreds digit of 1640?
6
What is the units d